{"id":212,"date":"2014-06-30T15:31:38","date_gmt":"2014-06-30T13:31:38","guid":{"rendered":"http:\/\/hohebuchen.von-huelsen.de\/?page_id=212"},"modified":"2023-02-13T21:27:50","modified_gmt":"2023-02-13T19:27:50","slug":"kontaktprospekt","status":"publish","type":"page","link":"http:\/\/hohebuchen.von-huelsen.de\/?page_id=212","title":{"rendered":"Kontakt"},"content":{"rendered":"<p>F\u00fcr weitere Informationen stehen wir Ihnen gerne zur Verf\u00fcgung!<br \/>\nWir bem\u00fchen uns immer, Ihre Anfrage schnellstm\u00f6glich zu bearbeiten. Falls Sie innerhalb von zwei Tagen keine Antwort erhalten haben sollten, melden Sie sich bitte telefonisch bei uns!<\/p>\n<p>Landhaus Hohe Buchen<br \/>\nL\u00fctjenburger Stra\u00dfe 34<br \/>\n24306 Pl\u00f6n<\/p>\n<p>Tel.: 04522 \u2013 789 410<br \/>\nFax: 04522 \u2013 789 428<br \/>\nMobil: 0173 \u2013 957 2200<\/p>\n<p>E-Mail:\u00a0<a href=\"mailto:landhaus-hohebuchen@t-online.de\">landhaus-hohebuchen@t-online.de<\/a><\/p>\n\n<div class=\"wpcf7 no-js\" id=\"wpcf7-f591-o1\" lang=\"de-DE\" dir=\"ltr\">\n<div class=\"screen-reader-response\"><p role=\"status\" aria-live=\"polite\" aria-atomic=\"true\"><\/p> <ul><\/ul><\/div>\n<form action=\"\/index.php?rest_route=%2Fwp%2Fv2%2Fpages%2F212#wpcf7-f591-o1\" method=\"post\" class=\"wpcf7-form init\" aria-label=\"Kontaktformular\" novalidate=\"novalidate\" data-status=\"init\">\n<div style=\"display: none;\">\n<input type=\"hidden\" name=\"_wpcf7\" value=\"591\" \/>\n<input type=\"hidden\" name=\"_wpcf7_version\" value=\"5.7.7\" \/>\n<input type=\"hidden\" name=\"_wpcf7_locale\" value=\"de_DE\" \/>\n<input type=\"hidden\" name=\"_wpcf7_unit_tag\" value=\"wpcf7-f591-o1\" \/>\n<input type=\"hidden\" name=\"_wpcf7_container_post\" value=\"0\" \/>\n<input type=\"hidden\" name=\"_wpcf7_posted_data_hash\" value=\"\" \/>\n<\/div>\n<p><label> Dein Name<br \/>\n<span class=\"wpcf7-form-control-wrap\" data-name=\"your-name\"><input size=\"40\" class=\"wpcf7-form-control wpcf7-text wpcf7-validates-as-required\" autocomplete=\"name\" aria-required=\"true\" aria-invalid=\"false\" value=\"\" type=\"text\" name=\"your-name\" \/><\/span> <\/label>\n<\/p>\n<p><label> Deine E-Mail-Adresse<br \/>\n<span class=\"wpcf7-form-control-wrap\" data-name=\"your-email\"><input size=\"40\" class=\"wpcf7-form-control wpcf7-text wpcf7-email wpcf7-validates-as-required wpcf7-validates-as-email\" autocomplete=\"email\" aria-required=\"true\" aria-invalid=\"false\" value=\"\" type=\"email\" name=\"your-email\" \/><\/span> <\/label>\n<\/p>\n<p><label> Betreff<br \/>\n<span class=\"wpcf7-form-control-wrap\" data-name=\"your-subject\"><input size=\"40\" class=\"wpcf7-form-control wpcf7-text wpcf7-validates-as-required\" aria-required=\"true\" aria-invalid=\"false\" value=\"\" type=\"text\" name=\"your-subject\" \/><\/span> <\/label>\n<\/p>\n<p><label> Deine Nachricht (optional)<br \/>\n<span class=\"wpcf7-form-control-wrap\" data-name=\"your-message\"><textarea cols=\"40\" rows=\"10\" class=\"wpcf7-form-control wpcf7-textarea\" aria-invalid=\"false\" name=\"your-message\"><\/textarea><\/span> <\/label>\n<\/p>\n<p><input class=\"wpcf7-form-control has-spinner wpcf7-submit\" type=\"submit\" value=\"Senden\" \/>\n<\/p><div class=\"wpcf7-response-output\" aria-hidden=\"true\"><\/div>\n<\/form>\n<\/div>\n\n<p>Wir freuen uns, von Ihnen zu h\u00f6ren.<\/p>\n","protected":false},"excerpt":{"rendered":"<p>F\u00fcr weitere Informationen stehen wir Ihnen gerne zur Verf\u00fcgung! Wir bem\u00fchen uns immer, Ihre Anfrage schnellstm\u00f6glich zu bearbeiten. Falls Sie innerhalb von zwei Tagen keine Antwort erhalten haben sollten, melden Sie sich bitte telefonisch bei uns! Landhaus Hohe Buchen L\u00fctjenburger Stra\u00dfe 34 24306 Pl\u00f6n Tel.: 04522 \u2013 789 410 Fax: 04522 \u2013 789 428 Mobil: [&hellip;]<\/p>\n","protected":false},"author":1,"featured_media":0,"parent":209,"menu_order":1,"comment_status":"closed","ping_status":"open","template":"","meta":{"footnotes":""},"_links":{"self":[{"href":"http:\/\/hohebuchen.von-huelsen.de\/index.php?rest_route=\/wp\/v2\/pages\/212"}],"collection":[{"href":"http:\/\/hohebuchen.von-huelsen.de\/index.php?rest_route=\/wp\/v2\/pages"}],"about":[{"href":"http:\/\/hohebuchen.von-huelsen.de\/index.php?rest_route=\/wp\/v2\/types\/page"}],"author":[{"embeddable":true,"href":"http:\/\/hohebuchen.von-huelsen.de\/index.php?rest_route=\/wp\/v2\/users\/1"}],"replies":[{"embeddable":true,"href":"http:\/\/hohebuchen.von-huelsen.de\/index.php?rest_route=%2Fwp%2Fv2%2Fcomments&post=212"}],"version-history":[{"count":7,"href":"http:\/\/hohebuchen.von-huelsen.de\/index.php?rest_route=\/wp\/v2\/pages\/212\/revisions"}],"predecessor-version":[{"id":593,"href":"http:\/\/hohebuchen.von-huelsen.de\/index.php?rest_route=\/wp\/v2\/pages\/212\/revisions\/593"}],"up":[{"embeddable":true,"href":"http:\/\/hohebuchen.von-huelsen.de\/index.php?rest_route=\/wp\/v2\/pages\/209"}],"wp:attachment":[{"href":"http:\/\/hohebuchen.von-huelsen.de\/index.php?rest_route=%2Fwp%2Fv2%2Fmedia&parent=212"}],"curies":[{"name":"wp","href":"https:\/\/api.w.org\/{rel}","templated":true}]}}