{"id":207,"date":"2014-06-30T15:30:48","date_gmt":"2014-06-30T13:30:48","guid":{"rendered":"http:\/\/hohebuchen.von-huelsen.de\/?page_id=207"},"modified":"2014-07-24T02:47:00","modified_gmt":"2014-07-24T00:47:00","slug":"sport","status":"publish","type":"page","link":"http:\/\/hohebuchen.von-huelsen.de\/?page_id=207","title":{"rendered":"Sport"},"content":{"rendered":"<p><strong>Sportliche Aktivit\u00e4ten<\/strong><br \/>\nDie Holsteinische Schweiz mit ihren vielen Seen und wundersch\u00f6nen Landschaften bietet eine Vielfalt an Sportm\u00f6glichkeiten f\u00fcr Gro\u00df und Klein, Alt und Jung. An der Ostsee (in ca. 20 km) steht ein Strandkorb bereit.<\/p>\n<p>Wer im Umkreis von Pl\u00f6n sportlich aktiv sein m\u00f6chte, kann sich die Zeit vertreiben mit<b> Nordic Walking, Radfahren, Paddeln, Segeln, Wandern oder Angeln<\/b>. Aber auch <b>Golf-Freunde oder Kletterer<\/b> kommen auf ihre Kosten, sogar <b>Ballon fahren<\/b> ist m\u00f6glich.<\/p>\n","protected":false},"excerpt":{"rendered":"<p>Sportliche Aktivit\u00e4ten Die Holsteinische Schweiz mit ihren vielen Seen und wundersch\u00f6nen Landschaften bietet eine Vielfalt an Sportm\u00f6glichkeiten f\u00fcr Gro\u00df und Klein, Alt und Jung. An der Ostsee (in ca. 20 km) steht ein Strandkorb bereit. Wer im Umkreis von Pl\u00f6n sportlich aktiv sein m\u00f6chte, kann sich die Zeit vertreiben mit Nordic Walking, Radfahren, Paddeln, Segeln, [&hellip;]<\/p>\n","protected":false},"author":1,"featured_media":0,"parent":200,"menu_order":3,"comment_status":"closed","ping_status":"open","template":"","meta":{"footnotes":""},"_links":{"self":[{"href":"http:\/\/hohebuchen.von-huelsen.de\/index.php?rest_route=\/wp\/v2\/pages\/207"}],"collection":[{"href":"http:\/\/hohebuchen.von-huelsen.de\/index.php?rest_route=\/wp\/v2\/pages"}],"about":[{"href":"http:\/\/hohebuchen.von-huelsen.de\/index.php?rest_route=\/wp\/v2\/types\/page"}],"author":[{"embeddable":true,"href":"http:\/\/hohebuchen.von-huelsen.de\/index.php?rest_route=\/wp\/v2\/users\/1"}],"replies":[{"embeddable":true,"href":"http:\/\/hohebuchen.von-huelsen.de\/index.php?rest_route=%2Fwp%2Fv2%2Fcomments&post=207"}],"version-history":[{"count":3,"href":"http:\/\/hohebuchen.von-huelsen.de\/index.php?rest_route=\/wp\/v2\/pages\/207\/revisions"}],"predecessor-version":[{"id":305,"href":"http:\/\/hohebuchen.von-huelsen.de\/index.php?rest_route=\/wp\/v2\/pages\/207\/revisions\/305"}],"up":[{"embeddable":true,"href":"http:\/\/hohebuchen.von-huelsen.de\/index.php?rest_route=\/wp\/v2\/pages\/200"}],"wp:attachment":[{"href":"http:\/\/hohebuchen.von-huelsen.de\/index.php?rest_route=%2Fwp%2Fv2%2Fmedia&parent=207"}],"curies":[{"name":"wp","href":"https:\/\/api.w.org\/{rel}","templated":true}]}}