{"id":205,"date":"2014-06-30T15:30:33","date_gmt":"2014-06-30T13:30:33","guid":{"rendered":"http:\/\/hohebuchen.von-huelsen.de\/?page_id=205"},"modified":"2014-07-27T20:42:44","modified_gmt":"2014-07-27T18:42:44","slug":"ausfluege","status":"publish","type":"page","link":"http:\/\/hohebuchen.von-huelsen.de\/?page_id=205","title":{"rendered":"Kultur"},"content":{"rendered":"<p><strong>Kulturelle H\u00f6hepunkte<\/strong><br \/>\nam Himmelfahrt-Wochenende <a href=\"http:\/\/www.jazz-ploen.de\/\" target=\"_blank\">Jazz-Festival<\/a> in Pl\u00f6n<br \/>\nAnfang Juni <a href=\"http:\/\/www.park-garden.de\/park-und-garden.php\" target=\"_blank\">Park &amp; Garden Country Fair<\/a> auf Gut Stockseehof<br \/>\nin den Sommermonaten <a href=\"http:\/\/www.festspiele-mv.de\/\" target=\"_blank\">Festspiele Mecklenburg-Vorpommern<\/a><br \/>\nin den Sommermonaten <a href=\"http:\/\/www.shmf.de\/inhalt.asp?DV=&amp;Stich=Zeit=21:09:15&amp;BesucherID=70040006\" target=\"_blank\">Schleswig-Holstein Musikfestival<\/a><br \/>\nin den Sommermonaten <a href=\"http:\/\/www.eutiner-festspiele.de\/\" target=\"_blank\">Eutiner Festspiele<\/a><br \/>\nim Herbst &#8222;<a href=\"http:\/\/www.ploener-schlossgebiet.de\/\" target=\"_blank\">Pl\u00f6ner Musikherbst<\/a>&#8220; im Pl\u00f6ner Schlossgebiet<\/p>\n<p>Weitere Kulturelle Veranstaltungen k\u00f6nnen Sie \u00fcber die Pl\u00f6ner Touristeninformation erfragen.<\/p>\n","protected":false},"excerpt":{"rendered":"<p>Kulturelle H\u00f6hepunkte am Himmelfahrt-Wochenende Jazz-Festival in Pl\u00f6n Anfang Juni Park &amp; Garden Country Fair auf Gut Stockseehof in den Sommermonaten Festspiele Mecklenburg-Vorpommern in den Sommermonaten Schleswig-Holstein Musikfestival in den Sommermonaten Eutiner Festspiele im Herbst &#8222;Pl\u00f6ner Musikherbst&#8220; im Pl\u00f6ner Schlossgebiet Weitere Kulturelle Veranstaltungen k\u00f6nnen Sie \u00fcber die Pl\u00f6ner Touristeninformation erfragen.<\/p>\n","protected":false},"author":1,"featured_media":0,"parent":200,"menu_order":2,"comment_status":"closed","ping_status":"open","template":"","meta":{"footnotes":""},"_links":{"self":[{"href":"http:\/\/hohebuchen.von-huelsen.de\/index.php?rest_route=\/wp\/v2\/pages\/205"}],"collection":[{"href":"http:\/\/hohebuchen.von-huelsen.de\/index.php?rest_route=\/wp\/v2\/pages"}],"about":[{"href":"http:\/\/hohebuchen.von-huelsen.de\/index.php?rest_route=\/wp\/v2\/types\/page"}],"author":[{"embeddable":true,"href":"http:\/\/hohebuchen.von-huelsen.de\/index.php?rest_route=\/wp\/v2\/users\/1"}],"replies":[{"embeddable":true,"href":"http:\/\/hohebuchen.von-huelsen.de\/index.php?rest_route=%2Fwp%2Fv2%2Fcomments&post=205"}],"version-history":[{"count":4,"href":"http:\/\/hohebuchen.von-huelsen.de\/index.php?rest_route=\/wp\/v2\/pages\/205\/revisions"}],"predecessor-version":[{"id":368,"href":"http:\/\/hohebuchen.von-huelsen.de\/index.php?rest_route=\/wp\/v2\/pages\/205\/revisions\/368"}],"up":[{"embeddable":true,"href":"http:\/\/hohebuchen.von-huelsen.de\/index.php?rest_route=\/wp\/v2\/pages\/200"}],"wp:attachment":[{"href":"http:\/\/hohebuchen.von-huelsen.de\/index.php?rest_route=%2Fwp%2Fv2%2Fmedia&parent=205"}],"curies":[{"name":"wp","href":"https:\/\/api.w.org\/{rel}","templated":true}]}}

<p><strong>Kulturelle Höhepunkte</strong><br />
am Himmelfahrt-Wochenende <a href="http://www.jazz-ploen.de/" target="_blank">Jazz-Festival</a> in Plön<br />
Anfang Juni <a href="http://www.park-garden.de/park-und-garden.php" target="_blank">Park &amp; Garden Country Fair</a> auf Gut Stockseehof<br />
in den Sommermonaten <a href="http://www.festspiele-mv.de/" target="_blank">Festspiele Mecklenburg-Vorpommern</a><br />
in den Sommermonaten <a href="http://www.shmf.de/inhalt.asp?DV=&amp;Stich=Zeit=21:09:15&amp;BesucherID=70040006" target="_blank">Schleswig-Holstein Musikfestival</a><br />
in den Sommermonaten <a href="http://www.eutiner-festspiele.de/" target="_blank">Eutiner Festspiele</a><br />
im Herbst &#8222;<a href="http://www.ploener-schlossgebiet.de/" target="_blank">Plöner Musikherbst</a>&#8220; im Plöner Schlossgebiet</p>
<p>Weitere Kulturelle Veranstaltungen können Sie über die Plöner Touristeninformation erfragen.</p>

<p>Kulturelle Höhepunkte am Himmelfahrt-Wochenende Jazz-Festival in Plön Anfang Juni Park &amp; Garden Country Fair auf Gut Stockseehof in den Sommermonaten Festspiele Mecklenburg-Vorpommern in den Sommermonaten Schleswig-Holstein Musikfestival in den Sommermonaten Eutiner Festspiele im Herbst &#8222;Plöner Musikherbst&#8220; im Plöner Schlossgebiet Weitere Kulturelle Veranstaltungen können Sie über die Plöner Touristeninformation erfragen.</p>
