{"id":203,"date":"2014-06-30T15:30:12","date_gmt":"2014-06-30T13:30:12","guid":{"rendered":"http:\/\/hohebuchen.von-huelsen.de\/?page_id=203"},"modified":"2014-08-21T13:09:05","modified_gmt":"2014-08-21T11:09:05","slug":"ploener-schloss","status":"publish","type":"page","link":"http:\/\/hohebuchen.von-huelsen.de\/?page_id=203","title":{"rendered":"Pl\u00f6ner Schloss"},"content":{"rendered":"<p style=\"text-align: center;\"><strong>&#8222;Ploin, so ein stetty und ein sch\u00f6n lustig schlo\u00df, uff eim bergly am stettly, &#8230; ein sch\u00f6n lustig nutzlich ortt, mit einem sch\u00f6nen grossen see darbey.&#8220;<\/strong><br \/>\n(Reisebericht, Ende 16. Jh.)<\/p>\n<p>Pl\u00f6n erhielt seinen Namen von der &#8222;Plune&#8220;, einer slawischen Burg auf der Insel &#8222;Olsborg&#8220; im gro\u00dfen Pl\u00f6ner See. 1236 wurde das L\u00fcbische (L\u00fcbecker) Stadtrecht verliehen.Das Schlo\u00df wurde in seiner heutigen Form 1633-35 vom ersten Pl\u00f6ner Herzog Joachim Ernst von Schleswig-Holstein-Sonderburg-Pl\u00f6n erbaut und ist weithin sichtbar auf dem Schlo\u00dfberg oberhalb des Gro\u00dfen Pl\u00f6ner Sees gelegen.<br \/>\nSein Urenkel Friedrich Carl k\u00fcmmerte sich neben vielen sozialen und wirtschaftlichen Reformen auch um die Gestaltung des Schlo\u00dfgebietes.<br \/>\nSo entstanden ab 1730 der Lustgarten mit dazugeh\u00f6rigem Gartenhaus, um 1750 die Reitbahn mit Marstall und Uhrenhaus (ehemalige Reithalle).<\/p>\n<p>1761 fiel das Herzogtum Pl\u00f6n aus Mangel an Erben an die d\u00e4nische Krone zur\u00fcck und diente in sp\u00e4teren Jahren als Sommerresidenz f\u00fcr Christian VIII.<\/p>\n<p>1896 wurde im Schlo\u00df eine Kadettenanstalt eingerichtet, ab 1900 besuchten die S\u00f6hne Kaiser Wilhelms II die Pl\u00f6ner Schule. Daf\u00fcr wurde das Gartenschl\u00f6\u00dfchen als Wohnhaus erweitert und ist seitdem auch als &#8222;Prinzenhaus&#8220; bekannt.<\/p>\n<p>Die Nationalsozialisten er\u00f6ffneten nach 1933 im Schlo\u00df eine Nationalpolitische Erziehungsanstalt (Napola). Nach dem Krieg wurde ein staatlicher Internatsbetrieb eingerichtet, der bis 2001 Bestand hatte.<\/p>\n<p>Seit 2002 ist das Schlo\u00df im Besitz der Fielmann Akademie, einer gemeinn\u00fctzigen Bildungseinrichtung der Augenoptik.<\/p>\n<p>Viel mehr Geschichte(n) k\u00f6nnen Sie vor Ort erkunden (z.B. \u00fcber den schwarzen Trompeter von Pl\u00f6n)<\/p>\n","protected":false},"excerpt":{"rendered":"<p>&#8222;Ploin, so ein stetty und ein sch\u00f6n lustig schlo\u00df, uff eim bergly am stettly, &#8230; ein sch\u00f6n lustig nutzlich ortt, mit einem sch\u00f6nen grossen see darbey.&#8220; (Reisebericht, Ende 16. Jh.) Pl\u00f6n erhielt seinen Namen von der &#8222;Plune&#8220;, einer slawischen Burg auf der Insel &#8222;Olsborg&#8220; im gro\u00dfen Pl\u00f6ner See. 1236 wurde das L\u00fcbische (L\u00fcbecker) Stadtrecht verliehen.Das [&hellip;]<\/p>\n","protected":false},"author":1,"featured_media":0,"parent":200,"menu_order":1,"comment_status":"closed","ping_status":"open","template":"","meta":{"footnotes":""},"_links":{"self":[{"href":"http:\/\/hohebuchen.von-huelsen.de\/index.php?rest_route=\/wp\/v2\/pages\/203"}],"collection":[{"href":"http:\/\/hohebuchen.von-huelsen.de\/index.php?rest_route=\/wp\/v2\/pages"}],"about":[{"href":"http:\/\/hohebuchen.von-huelsen.de\/index.php?rest_route=\/wp\/v2\/types\/page"}],"author":[{"embeddable":true,"href":"http:\/\/hohebuchen.von-huelsen.de\/index.php?rest_route=\/wp\/v2\/users\/1"}],"replies":[{"embeddable":true,"href":"http:\/\/hohebuchen.von-huelsen.de\/index.php?rest_route=%2Fwp%2Fv2%2Fcomments&post=203"}],"version-history":[{"count":8,"href":"http:\/\/hohebuchen.von-huelsen.de\/index.php?rest_route=\/wp\/v2\/pages\/203\/revisions"}],"predecessor-version":[{"id":376,"href":"http:\/\/hohebuchen.von-huelsen.de\/index.php?rest_route=\/wp\/v2\/pages\/203\/revisions\/376"}],"up":[{"embeddable":true,"href":"http:\/\/hohebuchen.von-huelsen.de\/index.php?rest_route=\/wp\/v2\/pages\/200"}],"wp:attachment":[{"href":"http:\/\/hohebuchen.von-huelsen.de\/index.php?rest_route=%2Fwp%2Fv2%2Fmedia&parent=203"}],"curies":[{"name":"wp","href":"https:\/\/api.w.org\/{rel}","templated":true}]}}