{"id":14,"date":"2014-03-28T16:39:52","date_gmt":"2014-03-28T14:39:52","guid":{"rendered":"http:\/\/hohebuchen.von-huelsen.de\/?page_id=14"},"modified":"2015-02-25T19:41:52","modified_gmt":"2015-02-25T17:41:52","slug":"zimmerpreise","status":"publish","type":"page","link":"http:\/\/hohebuchen.von-huelsen.de\/?page_id=14","title":{"rendered":"Zimmer"},"content":{"rendered":"<p>Die zehn Doppelzimmer und eine Suite sind nach Blumen benannt, die Sie &#8211; je nach Jahreszeit &#8211; in der Dekoration wiederfinden k\u00f6nnen.<\/p>\n<p>Liebevoll und teilweise mit sch\u00f6nen Antiquit\u00e4ten eingerichtet, hat jedes seine eigene Farbnote. So scheint zum Beispiel im Maigl\u00f6ckchen immer die Sonne, egal ob es regnet oder st\u00fcrmt.<\/p>\n<p>Wir m\u00f6chten Sie darauf hinweisen, da\u00df alle Zimmer Nichtraucherzimmer sind!<\/p>\n<p>Der \u00e4ltere Teil des Hauses beherbergt heute das Fr\u00fchst\u00fccks- und das Lesezimmer mit gem\u00fctlichem Kachelofen. Dort finden Sie umfangreichen Lesestoff f\u00fcr erholsame Urlaubstage.<\/p>\n<p>Morgens werden Sie im gem\u00fctlichen Fr\u00fchst\u00fcckszimmer vom Hausherrn begr\u00fc\u00dft. Auf dem reichhaltigen Buffet finden Sie zum Beispiel frische Bioprodukte aus der Region, teilweise hausgemachte Marmeladen und vollwertige M\u00fcslimischungen.<\/p>\n<p>Das Geschirr wurde eigens von Birgita von H\u00fclsen entworfen. So k\u00f6nnen Sie sich aussuchen, ob Sie in einen gl\u00fccklichen Tag mit Marienk\u00e4fern starten, an einem Sommertag von bunten Schmetterlingen verw\u00f6hnt, oder von Sonnenblumen begr\u00fc\u00dft werden m\u00f6chten.<\/p>\n<p>Auf unserer gesch\u00fctzten S\u00fcdterrasse ist ein abendliches Glas Wein eine besondere Freude!<\/p>\n","protected":false},"excerpt":{"rendered":"<p>Die zehn Doppelzimmer und eine Suite sind nach Blumen benannt, die Sie &#8211; je nach Jahreszeit &#8211; in der Dekoration wiederfinden k\u00f6nnen. Liebevoll und teilweise mit sch\u00f6nen Antiquit\u00e4ten eingerichtet, hat jedes seine eigene Farbnote. So scheint zum Beispiel im Maigl\u00f6ckchen immer die Sonne, egal ob es regnet oder st\u00fcrmt. Wir m\u00f6chten Sie darauf hinweisen, da\u00df [&hellip;]<\/p>\n","protected":false},"author":1,"featured_media":0,"parent":0,"menu_order":3,"comment_status":"closed","ping_status":"open","template":"","meta":{"footnotes":""},"_links":{"self":[{"href":"http:\/\/hohebuchen.von-huelsen.de\/index.php?rest_route=\/wp\/v2\/pages\/14"}],"collection":[{"href":"http:\/\/hohebuchen.von-huelsen.de\/index.php?rest_route=\/wp\/v2\/pages"}],"about":[{"href":"http:\/\/hohebuchen.von-huelsen.de\/index.php?rest_route=\/wp\/v2\/types\/page"}],"author":[{"embeddable":true,"href":"http:\/\/hohebuchen.von-huelsen.de\/index.php?rest_route=\/wp\/v2\/users\/1"}],"replies":[{"embeddable":true,"href":"http:\/\/hohebuchen.von-huelsen.de\/index.php?rest_route=%2Fwp%2Fv2%2Fcomments&post=14"}],"version-history":[{"count":7,"href":"http:\/\/hohebuchen.von-huelsen.de\/index.php?rest_route=\/wp\/v2\/pages\/14\/revisions"}],"predecessor-version":[{"id":384,"href":"http:\/\/hohebuchen.von-huelsen.de\/index.php?rest_route=\/wp\/v2\/pages\/14\/revisions\/384"}],"wp:attachment":[{"href":"http:\/\/hohebuchen.von-huelsen.de\/index.php?rest_route=%2Fwp%2Fv2%2Fmedia&parent=14"}],"curies":[{"name":"wp","href":"https:\/\/api.w.org\/{rel}","templated":true}]}}